s 1 + (-6 - (10 - (1 + (9 - 4))))?
-9
(2 - -13) + -17 + 1
-1
Calculate -12 + 16 + -12 + 3 + (0 - -7).
2
What is -13 - (-2 + (17 - 5) - 15 - -17)?
-25
-14 + 16 + 10 + 7 - (1 + 2)
16
What is the value of -13 + 10 + 10 - 2 - -2?
7
What is the value of -1 + (11 + -15 - -12)?
7
Evaluate (-11 - 1) + 2 - (-29 + 15) - 27.
-23
What is 24 - (-15 + 41 + 10)?
-12
What is -46 + 15 - (-98 - -62)?
5
Calculate 25 - (12 + 2) - (-33 - -15).
29
What is (28 - 42) + (-5 - 9 - -4)?
-24
What is the value of (17 + 6 - 16) + 3 + 1?
11
What is -6 - (-6 - 6) - (1 + -5)?
10
What is the value of (-2 - -6) + -8 + -4 + 17 - 26?
-17
What is 20 - (-2 - (1 - (-1 - (7 - 5))))?
26
What is (-22 - -8) + 21 + -4?
3
What is -12 + 28 + 7 + 1 + -168 + 156?
12
What is 33 + (2 - 28) - 2?
5
What is the value of 8 - 1 - (-9 + -2 + 18 + -8)?
8
What is -2 + 7 + -8 + -5?
-8
What is -3 + -12 - -1 - (26 - 32)?
-8
What is -24 + -1 + (1 - -4) + 11 + -9?
-18
Calculate -33 + (0 - (11 + -29)).
-15
Evaluate (5 - (9 + -2)) + 6 - (24 - 13).
-7
Calculate (-39 - -19) + 10 - (2 + -1 - 22).
11
Calculate -7 + -26 + 15 + 14.
-4
What is the value of 3 + -2 + -2 + (-7 - (-20 - 4))?
16
-10 + 11 + -44 + 34
-9
What is -6 - ((4 - (-20 + 18)) + -15 + -1)?
4
Calculate 14 - 22 - (-7 - -1) - -15.
13
-42 + (-30 - -92 - 38)
-18
What is (6 - (36 - 39)) + (0 - 4)?
5
-15 - -1 - (-76 - -69) - 5
-12
What is 17 + (-6 - -1 - (2 + -6 - -2))?
14
2 + -2 - (-3 + (-12 - -12))
3
Evaluate (140 - 133) + (9 - 4) + -44.
-32
8 - (6 - (-8 + -12))
-18
What is -20 - -3 - -23 - -6?
12
Evaluate -1 - (3 + (5 - (-6 + 17))).
2
-26 + 30 + 7 - 41
-30
Calculate (-11 - -2) + 3 + -4.
-10
Evaluate (11 - (19 - -5)) + -1.
-14
Calculate -154 - -151 - (-3 + 0).
0
-2 + -3 + -532 + 530
-7
What is the value of 0 - -11 - 5 - (8 + -7 - -1)?
4
Calculate (38 - (15 - 5)) + -21.
7
(10 - 5) + -277 + 310
38
What is the value of -1 + -2 + 6 - 10 - (3 + -8)?
-2
What is the value of 4 + 86 + -72 + (1 - 13)?
6
-4 + 15 - -1 - (6 - (-5 + 15))
16
Calculate 28 + -15 + (-11 - (9 + 19)).
-26
-7 - (12 - (0 - (-11 - -3)))
-11
Calculate (38 - 78) + 32 + -15 + 1.
-22
What is -13 - (1 + 1 - (-107 - -134))?
12
What is the value of 2 - ((20 - 7) + -7 - -1)?
-5
What is -1 - (6 - (-5 - -6) - 2 - -5)?
-9
Evaluate (5 - 3 - 1) + 11 + -7.
5
Calculate -5 + 12 - 10 - -4 - 4.
-3
5 + 4 - (5 + 2 - 0 - -21)
-19
-11 - (2 + -5) - -17
9
Calculate -43 + 48 + (-1 - 1) - (-1 + 0).
4
What is (-6 - (36 - 7)) + 21?
-14
Evaluate 9 - (8 + (-10 - (9 + -7))).
13
(18 - 2 - 2) + -11 + 6
9
-11 + (0 + 3 - 14 - -20)
-2
Calculate -17 - (8 - (0 + 6) - 1).
-18
What is -2 - (1 + -5 + -1 - -10) - 1?
-8
What is 4 + 17 - 10 - 18?
-7
-19 + 6 - (7 + -7)
-13
What is the value of 37 + (-1 - 26 - (-84 - -67))?
27
(0 - (6 + -16)) + (4 - 11)
3
Calculate (-419 - -419) + (0 + 0 + 13 - 0).
13
Calculate -2 + (1 - 11) + 121 + -132.
-23
What is the value of -21 + (-4 + (7 - 8) - -11) + 3?
-12
What is the value of 0 + (-40 + 5 + -6 - (18 - 28))?
-31
Evaluate 2 + -22 - (1 + 3) - -11.
-13
Calculate 17 + -32 + -13 + 13.
-15
What is the value of 6 - (-10 - (69 + -69 - (8 - 1)))?
9
What is 21 + (-12 - 9) - (-1 - 0 - -8)?
-7
What is 15 + -10 + -2 + 1 + 1?
5
What is 7 + (-9 - (0 - -5 - 26) - 4)?
15
What is the value of (6 - (-4 + -4 + 5)) + -19 + -2?
-12
(12 - 22) + 10 - (2 + (-10 - 0))
8
What is -3 + 3 - (41 + -22 - 5)?
-14
What is the value of (-1 - -5) + 22 + -4 + -8?
14
Evaluate 7 + -18 + (1 - -1).
-9
Calculate (1 - 4 - -5) + -1 + (15 - 7).
9
Calculate 6 - (-2 + 1 - (14 - 13)).
8
15 + (5 - 38) - (4 + -7)
-15
Calculate (12 - 9) + (-6 - -10) + 6 + -31.
-18
What is the value of 8 + (-6 - (-13 + 7)) + 0?
8
What is the value of 21 - (15 + 26) - -7?
-13
Calculate 2 + 18 + 3 + (8 - 13).
18
-24 - -10 - -62 - 43
5
Evaluate -163 - -164 - (1 + 9) - (1 - 45).
35
What is the value of (-40 - -31) + (10 - 10 - (-25 + 0))?
16
Evaluate 7 + -9 + 1 - (-1 - -3) - -7.
4
Evaluate 6 + (3 - (-15 - -26) - (-2 + 1)).
-1
What is 4 + (9 + -3 - 16)?
-6
Calculate (-8 - -23) + ((-1 - -5) + -7 - -15).
27
Calculate (6 + -5 + 0 - -3) + 2 + -2.
4
What is the value of (4 + -4 + -1 - 4) + 4?
-1
-25 + 19 + -5 + 5 + (8 - -4)
6
-6 - (-11 + 13 - 14)
6
12 - 1 - 3 - (-86 - -103)
-9
Evaluate (0 - (-14 + -10 + 14)) + -5 + 1.
6
Calculate (-11 - -29) + (5 - 1 - 0).
22
(108 - 108) + (-2 + 1 - (1 - -5))
-7
What is the value of -10 + (19 + -6 - 11) - (-1 + 5)?
-12
Calculate 4 - (-9 - -14) - 3.
-4
Evaluate 11 + (-2 + 7 - (-2 - 1)).
19
Evaluate -5 + (13 - (2 - 20)) + (7 - 0).
33
Calculate (-18 - -15) + (1 - (23 + -5)).
-20
What is the value of -415 + 406 - (1 + 0 - -2)?
-12
What is the value of (38 - 48) + 3 + 10 + 11?
14
What is -4 + (3 - -2) + -17 + 2?
-14
Calculate -5 - ((-12 - (-2 - 5)) + 9).
-9
What is the value of (-9 + 12 - (7 - -10)) + 22?
8
Evaluate (-10 - 9) + 3 - 3 - -14.
-5
What is -10 - 2 - (-16 - -11 - 2)?
-5
Evaluate -129 - -105 - (-1 + -10).
-13
Calculate 15 + -12 - 11 - -21.
13
Evaluate 3 - -2 - 26 - (-121 - -109).
-9
-18 + 71 + (-1 - 25)
27
Calculate 7 + 6 + -1 + -1 + 5 + -6.
10
What is the value of -14 - -5 - (-3 - (-31 - -17))?
-20
Calculate -3 + (3 - (-6 + 2)) + 3.
7
What is (-3 - 7) + -2 + 23?
11
Calculate -12 - (-16 + 1 - -1).
2
What is the value of 14 + 8 - (38 - 21)?
5
What is the value of 157 + -165 - (-1 - (-1 + 2 + 1))?
-5
9 + (2 + -2 - -1) + -23
-13
-12 + (9 - 5) - 1 - 0
-9
-4 + (29 - (8 - -1)) + -10 + -19
-13
Evaluate 5 + -3 + (5 - (7 + -7)).
7
Calculate -2 - (0 - 1 - -3 - (86 + -61)).
21
Evaluate -11 + (23 - (9 - (6 + -9))).
0
What is the value of -20 + (13 + -11 - (-2 + -5))?
-11
0 + 9 + (3 - 7) + 4 + 1
10
What is the value of 3 - 18 - (-11 - -4) - -11?
3
What is the value of 1 - (21 - (-2 + 15 + -1))?
-8
(-18 - (4 + -18)) + -5
-9
What is the value of -5 + (2 - 18 - (-5 + -11))?
-5
Evaluate 12 + 26 + -31 - 40.
-33
Calculate (-42 - -38 - (4 + 0)) + (77 - 80).
-11
Calculate 16 + (-29 - (-26 + -5)).
18
Calculate 13 + (-11 - -35) + -20.
17
Evaluate -1 - -1 - 4 - -4 - (-6 + 7).
-1
3 - (13 + -12 - (3 + (1 - 4)))
2
(9 + -16 - (-1 - 31)) + -9
16
What is 3 + (12 + -4 - 11) - -5?
5
What is the value of 27 + -17 + -22 + (-16 - (-2 - 2))?
-24
Evaluate -3 + (-6 - (-8 + -5)).
4
What is the value of -1 - (-2 - -12) - -3 - -2 - 10?
-16
Evaluate 2 - 17 - (7 - (25 + -27)).
-24
What is the value of 7 + (2 - 19) + (4 - 4)?
-10
What is the value of 11 - ((-12 - -8) + 23)?
-8
What is 3 + 0 - (18 + 1 - (-96 + 108))?
-4
What is -23 + (-3 - -35) - (-5 + 1)?
13
Calculate (-2 - (7 + 1 - 0)) + (-540 - -540).
-10
Calculate 38 + -18 + -14 + -23.
-17
What is (12 - 3) + (16 - (6 + 27)) + 17?
9
2 - -5 - (10 + -6)
3
Evaluate (10 - (-10 - -18)) + -5 + (-1 - -33).
29
What is the value of -19 + (-1 - -17) + -12 + 1?
-14
What is the value of 5 + 34 + 41 + -54?
26
What is -15 + 0 + (-2 - (-18 - 3))?
4
Calculate 15 + (-22 - -33) + -5 + -1 + -11.
9
What is (-13 - -12 - -18) + 4?
21
What is the value of -45 + (1 - 7 - -41)?
-10
Evaluate 15 + -23 + 23 + -14 + -1.
0
What is -17 + -2 + 3 + -530 + 539?
-7
2 + (1 - (7 + 0)) - (-267 + 267)
-4
What is 47 - ((2 - 1) + 34)?
12
Evaluate -12 - 0 - (9 - (3 + 3)).
-15
What is the value of 3 + -4 + (-6 + 2 - (6 + 0))?
-11
Calculate -15 + 19 + -12 + -8.
-16
What is the value of -3 + -2 + (-5 - (-2 - 8))?
0
Evaluate 21 + (-25 + 14 - 4).
6
What is -18 + 1 - -1 - (90 - 44 - 53)?
-9
Evaluate -69 + 75 + -4 + (-4 - (-22 + 3)).
17
Calculate 0 + 3 - (3 + (1 - -1)) - -16.
14
What is the value of (-3 - (-3 - -1)) + 5 + -26 - -9?
-13
Calculate -49 - -37 - (2 + -1).
-13
What is the value of 6 + 0 + -13 - 0?
-7
Evaluate (-4 - (14 - (9 + -1))) + 22.
12
-12 + 3 + (0 - -20) - (-23 + 1)
33
-188 + 183 - (-2 - -11)
-14
Calculate -81 + 54 + (11 - 4) - 0.
-20
What is the value of 80 - (1 + 43) - 21?
15
Evaluate 7 + (31 - 36) + (1 - -7) + 0.
10
What is (-26 - (-5 - -6)) + (3 - (6 - -1))?
-31
2 + (1 - 7) + -12
-16
Evaluate 24 - 11 - 45 - -12.
-20
Evaluate 14 - (12 - 15 - -14) - (4 - 4).
3
Calculate 19 - (13 + (14 - 10) + -8).
10
Calculate 6 - ((-12 - -5 - -7) + -11) - 9.
8
What is (-66 - -35 - 4) + 31?
-4
What is the value of -14 - (44 + -20 + -17)?
-21
Calculate 36 + (13 + -14 - 18).
17
What is 166 + -139 + 0 + -31?
-4
What is the value of (117 - 106) + -3 + 3?
11
Calculate (4 - (-2 + (7 - 1))) + -6 + 1.
-5
Calculate (25 - 41 - (2 + -7)) + (-7 - -4).
-14
What is the value of 7